ns digit of 50528784?
8
What is the ten millions digit of 427623821?
2
What is the hundred millions digit of 410523891?
4
What is the thousands digit of 1474617448?
7
What is the hundred millions digit of 691735629?
6
What is the ten millions digit of 66685269?
6
What is the millions digit of 825026757?
5
What is the ten millions digit of 171052328?
7
What is the tens digit of 20698008?
0
What is the units digit of 48706026?
6
What is the millions digit of 238669903?
8
What is the ten millions digit of 8307536447?
0
What is the hundred thousands digit of 306291228?
2
What is the hundred millions digit of 209610549?
2
What is the hundred thousands digit of 727128305?
1
What is the tens digit of 92766215?
1
What is the ten millions digit of 12053264?
1
What is the thousands digit of 422672954?
2
What is the hundreds digit of 893725358?
3
What is the hundred millions digit of 2542250387?
5
What is the thousands digit of 5550225171?
5
What is the tens digit of 47474968?
6
What is the hundred thousands digit of 286054034?
0
What is the ten thousands digit of 1333012862?
1
What is the tens digit of 193433038?
3
What is the hundred thousands digit of 195382550?
3
What is the hundred thousands digit of 1258714285?
7
What is the millions digit of 23038139?
3
What is the tens digit of 3933059?
5
What is the ten thousands digit of 112999237?
9
What is the hundred millions digit of 455401914?
4
What is the millions digit of 488334502?
8
What is the ten millions digit of 679397047?
7
What is the thousands digit of 1099317362?
7
What is the billions digit of 1471969833?
1
What is the hundred millions digit of 1282594394?
2
What is the millions digit of 42441436?
2
What is the ten thousands digit of 5506579?
0
What is the ten millions digit of 1248412877?
4
What is the ten thousands digit of 477627725?
2
What is the thousands digit of 2299609162?
9
What is the units digit of 800889866?
6
What is the hundreds digit of 822427955?
9
What is the hundred thousands digit of 2193896220?
8
What is the billions digit of 2709994084?
2
What is the ten thousands digit of 81558349?
5
What is the millions digit of 53317828?
3
What is the ten millions digit of 377902469?
7
What is the thousands digit of 1430085127?
5
What is the ten millions digit of 36676714?
3
What is the tens digit of 1107746825?
2
What is the ten thousands digit of 2244566690?
6
What is the hundred millions digit of 7792823727?
7
What is the hundreds digit of 22666838?
8
What is the ten millions digit of 147300538?
4
What is the hundreds digit of 45325630?
6
What is the tens digit of 18842537?
3
What is the ten millions digit of 1831883880?
3
What is the hundreds digit of 2020139606?
6
What is the thousands digit of 4507407651?
7
What is the thousands digit of 243886048?
6
What is the tens digit of 49549628?
2
What is the ten thousands digit of 116576062?
7
What is the hundred thousands digit of 181313699?
3
What is the hundred millions digit of 4359551662?
3
What is the thousands digit of 56114834?
4
What is the ten millions digit of 305210470?
0
What is the hundreds digit of 24594793?
7
What is the units digit of 1010965208?
8
What is the units digit of 212323343?
3
What is the thousands digit of 409720302?
0
What is the tens digit of 42169396?
9
What is the millions digit of 649200013?
9
What is the hundreds digit of 359936043?
0
What is the ten millions digit of 184605167?
8
What is the ten thousands digit of 3426118?
2
What is the billions digit of 8134805356?
8
What is the millions digit of 77683715?
7
What is the tens digit of 42910006?
0
What is the tens digit of 2329850?
5
What is the thousands digit of 117411596?
1
What is the millions digit of 25816072?
5
What is the hundreds digit of 10827349?
3
What is the ten millions digit of 50179012?
5
What is the tens digit of 177295365?
6
What is the hundred thousands digit of 438813622?
8
What is the hundred thousands digit of 282696006?
6
What is the hundreds digit of 382249688?
6
What is the hundred millions digit of 628415199?
6
What is the ten millions digit of 1592297170?
9
What is the tens digit of 62582953?
5
What is the hundreds digit of 3703733701?
7
What is the units digit of 87215658?
8
What is the tens digit of 271695774?
7
What is the millions digit of 27636819?
7
What is the ten thousands digit of 805398602?
9
What is the hundreds digit of 41686187?
1
What is the billions digit of 1511102711?
1
What is the ten thousands digit of 6587409?
8
What is the tens digit of 145071308?
0
What is the ten millions digit of 142025927?
4
What is the units digit of 127700317?
7
What is the hundred thousands digit of 39115687?
1
What is the hundreds digit of 1722393762?
7
What is the thousands digit of 32855976?
5
What is the millions digit of 82186387?
2
What is the ten thousands digit of 999912004?
1
What is the tens digit of 542425432?
3
What is the millions digit of 78481683?
8
What is the hundreds digit of 36607753?
7
What is the thousands digit of 3907690017?
0
What is the thousands digit of 659417938?
7
What is the hundred thousands digit of 1074423105?
4
What is the tens digit of 270953969?
6
What is the millions digit of 90262678?
0
What is the units digit of 350643155?
5
What is the ten thousands digit of 511979184?
7
What is the millions digit of 4317031260?
7
What is the billions digit of 4932551788?
4
What is the millions digit of 272006525?
2
What is the tens digit of 537776556?
5
What is the ten millions digit of 358565405?
5
What is the ten thousands digit of 62312015?
1
What is the units digit of 338754627?
7
What is the hundred thousands digit of 45532111?
5
What is the millions digit of 75625500?
5
What is the hundred thousands digit of 2938436?
9
What is the millions digit of 5672861951?
2
What is the hundreds digit of 10558754?
7
What is the hundred thousands digit of 623837211?
8
What is the units digit of 68354996?
6
What is the ten thousands digit of 10097754?
9
What is the hundreds digit of 169184703?
7
What is the units digit of 352550072?
2
What is the hundreds digit of 777567942?
9
What is the ten thousands digit of 126614762?
1
What is the units digit of 3577771?
1
What is the ten thousands digit of 116711552?
1
What is the hundred millions digit of 133152079?
1
What is the hundred millions digit of 126472200?
1
What is the units digit of 818498648?
8
What is the thousands digit of 197390433?
0
What is the hundred thousands digit of 187257528?
2
What is the thousands digit of 166978395?
8
What is the millions digit of 485283106?
5
What is the hundred millions digit of 175567758?
1
What is the hundred millions digit of 102444884?
1
What is the hundred thousands digit of 58416995?
4
What is the hundred thousands digit of 1300140293?
1
What is the ten thousands digit of 797574222?
7
What is the tens digit of 4492762332?
3
What is the ten thousands digit of 1726677709?
7
What is the millions digit of 46575060?
6
What is the units digit of 959326817?
7
What is the millions digit of 783587007?
3
What is the ten thousands digit of 13548088?
4
What is the tens digit of 110764302?
0
What is the tens digit of 53815747?
4
What is the ten thousands digit of 236389325?
8
What is the millions digit of 667146374?
7
What is the tens digit of 59692291?
9
What is the hundreds digit of 43447447?
4
What is the thousands digit of 3769044988?
4
What is the hundred thousands digit of 39723362?
7
What is the ten millions digit of 12366868?
1
What is the hundred thousands digit of 1078411721?
4
What is the hundred millions digit of 194795349?
1
What is the hundred thousands digit of 10285639?
2
What is the millions digit of 71318477?
1
What is the billions digit of 4136498532?
4
What is the thousands digit of 1026095454?
5
What is the millions digit of 869624538?
9
What is the ten millions digit of 215644407?
1
What is the units digit of 14942604?
4
What is the thousands digit of 41062999?
2
What is the hundred thousands digit of 5127885629?
8
What is the millions digit of 6633282?
6
What is the ten millions digit of 5230453398?
3
What is the hundreds digit of 39157807?
8
What is the tens digit of 3888016?
1
What is the tens digit of 598376490?
9
What is the tens digit of 12611174?
7
What is the billions digit of 1865580389?
1
What is the ten